 5743 is divided by 3.
1
Calculate the remainder when 81 is divided by 6.
3
Calculate the remainder when 10848 is divided by 155.
153
What is the remainder when 1556 is divided by 18?
8
Calculate the remainder when 211 is divided by 12.
7
What is the remainder when 138 is divided by 70?
68
What is the remainder when 251 is divided by 76?
23
Calculate the remainder when 31163 is divided by 212.
211
Calculate the remainder when 416 is divided by 14.
10
What is the remainder when 313 is divided by 89?
46
Calculate the remainder when 710 is divided by 92.
66
Calculate the remainder when 4235 is divided by 265.
260
What is the remainder when 542 is divided by 109?
106
Calculate the remainder when 1690 is divided by 1667.
23
Calculate the remainder when 38 is divided by 24.
14
What is the remainder when 292 is divided by 76?
64
Calculate the remainder when 104 is divided by 85.
19
What is the remainder when 296 is divided by 9?
8
Calculate the remainder when 169 is divided by 60.
49
Calculate the remainder when 1355 is divided by 114.
101
Calculate the remainder when 2577 is divided by 72.
57
What is the remainder when 432 is divided by 29?
26
What is the remainder when 432 is divided by 205?
22
Calculate the remainder when 2154 is divided by 12.
6
What is the remainder when 11771 is divided by 36?
35
Calculate the remainder when 250 is divided by 15.
10
Calculate the remainder when 10062 is divided by 19.
11
Calculate the remainder when 300 is divided by 49.
6
Calculate the remainder when 879 is divided by 64.
47
What is the remainder when 665 is divided by 35?
0
What is the remainder when 1035 is divided by 61?
59
What is the remainder when 755 is divided by 14?
13
Calculate the remainder when 1469 is divided by 38.
25
What is the remainder when 262 is divided by 136?
126
What is the remainder when 20495 is divided by 168?
167
Calculate the remainder when 1536 is divided by 140.
136
What is the remainder when 10420 is divided by 9?
7
Calculate the remainder when 118 is divided by 46.
26
Calculate the remainder when 190 is divided by 189.
1
What is the remainder when 6532 is divided by 64?
4
What is the remainder when 178 is divided by 27?
16
Calculate the remainder when 187 is divided by 38.
35
Calculate the remainder when 2576 is divided by 63.
56
Calculate the remainder when 247 is divided by 61.
3
What is the remainder when 146 is divided by 72?
2
Calculate the remainder when 125 is divided by 14.
13
What is the remainder when 461 is divided by 222?
17
Calculate the remainder when 3992 is divided by 108.
104
What is the remainder when 9717 is divided by 72?
69
Calculate the remainder when 178 is divided by 87.
4
Calculate the remainder when 909 is divided by 38.
35
What is the remainder when 90 is divided by 76?
14
What is the remainder when 543 is divided by 268?
7
What is the remainder when 297 is divided by 112?
73
Calculate the remainder when 177 is divided by 5.
2
Calculate the remainder when 46 is divided by 15.
1
Calculate the remainder when 214 is divided by 100.
14
Calculate the remainder when 464 is divided by 30.
14
Calculate the remainder when 84 is divided by 23.
15
Calculate the remainder when 142 is divided by 37.
31
Calculate the remainder when 152 is divided by 17.
16
Calculate the remainder when 320 is divided by 163.
157
What is the remainder when 13100 is divided by 156?
152
What is the remainder when 268 is divided by 121?
26
What is the remainder when 44 is divided by 35?
9
Calculate the remainder when 2958 is divided by 50.
8
What is the remainder when 365 is divided by 101?
62
What is the remainder when 3657 is divided by 122?
119
What is the remainder when 4027 is divided by 144?
139
Calculate the remainder when 1162 is divided by 128.
10
What is the remainder when 997 is divided by 25?
22
What is the remainder when 400 is divided by 14?
8
Calculate the remainder when 3944 is divided by 47.
43
Calculate the remainder when 9133 is divided by 21.
19
Calculate the remainder when 69 is divided by 14.
13
Calculate the remainder when 7675 is divided by 11.
8
Calculate the remainder when 78 is divided by 45.
33
What is the remainder when 598 is divided by 120?
118
Calculate the remainder when 837 is divided by 223.
168
What is the remainder when 250 is divided by 41?
4
Calculate the remainder when 303 is divided by 124.
55
Calculate the remainder when 89 is divided by 40.
9
What is the remainder when 5917 is divided by 37?
34
Calculate the remainder when 8295 is divided by 151.
141
Calculate the remainder when 9271 is divided by 152.
151
What is the remainder when 402 is divided by 37?
32
What is the remainder when 15214 is divided by 179?
178
What is the remainder when 5670 is divided by 17?
9
Calculate the remainder when 26234 is divided by 33.
32
Calculate the remainder when 1022 is divided by 114.
110
What is the remainder when 38142 is divided by 298?
296
What is the remainder when 212 is divided by 43?
40
What is the remainder when 862 is divided by 210?
22
What is the remainder when 85 is divided by 66?
19
Calculate the remainder when 83 is divided by 4.
3
Calculate the remainder when 60 is divided by 18.
6
What is the remainder when 161 is divided by 83?
78
What is the remainder when 181 is divided by 57?
10
What is the remainder when 2264 is divided by 84?
80
Calculate the remainder when 61 is divided by 61.
0
Calculate the remainder when 193 is divided by 32.
1
What is the remainder when 2699 is divided by 672?
11
What is the remainder when 750 is divided by 16?
14
Calculate the remainder when 83 is divided by 13.
5
Calculate the remainder when 508 is divided by 30.
28
What is the remainder when 928 is divided by 78?
70
Calculate the remainder when 2468 is divided by 5.
3
Calculate the remainder when 606 is divided by 31.
17
What is the remainder when 1373 is divided by 44?
9
Calculate the remainder when 885 is divided by 12.
9
What is the remainder when 407 is divided by 98?
15
Calculate the remainder when 1201 is divided by 151.
144
Calculate the remainder when 388 is divided by 23.
20
What is the remainder when 1036 is divided by 24?
4
What is the remainder when 2063 is divided by 48?
47
Calculate the remainder when 216 is divided by 69.
9
Calculate the remainder when 49 is divided by 33.
16
What is the remainder when 299 is divided by 84?
47
Calculate the remainder when 50 is divided by 20.
10
Calculate the remainder when 528 is divided by 53.
51
What is the remainder when 306 is divided by 36?
18
Calculate the remainder when 405 is divided by 32.
21
Calculate the remainder when 2119 is divided by 38.
29
What is the remainder when 28674 is divided by 25?
24
What is the remainder when 140 is divided by 42?
14
Calculate the remainder when 289 is divided by 84.
37
Calculate the remainder when 640 is divided by 202.
34
Calculate the remainder when 739 is divided by 20.
19
Calculate the remainder when 136 is divided by 80.
56
Calculate the remainder when 133 is divided by 56.
21
What is the remainder when 768 is divided by 141?
63
Calculate the remainder when 2440 is divided by 28.
4
What is the remainder when 278 is divided by 40?
38
Calculate the remainder when 368 is divided by 153.
62
Calculate the remainder when 4530 is divided by 2261.
8
What is the remainder when 484 is divided by 123?
115
What is the remainder when 1051 is divided by 62?
59
Calculate the remainder when 135 is divided by 65.
5
What is the remainder when 598 is divided by 12?
10
What is the remainder when 238 is divided by 16?
14
Calculate the remainder when 215 is divided by 36.
35
Calculate the remainder when 1529 is divided by 398.
335
What is the remainder when 3527 is divided by 35?
27
What is the remainder when 7605 is divided by 50?
5
What is the remainder when 352 is divided by 112?
16
What is the remainder when 402 is divided by 189?
24
What is the remainder when 27 is divided by 4?
3
What is the remainder when 6 is divided by 2?
0
What is the remainder when 908 is divided by 114?
110
Calculate the remainder when 28 is divided by 9.
1
What is the remainder when 2333 is divided by 26?
19
Calculate the remainder when 44 is divided by 17.
10
What is the remainder when 162 is divided by 41?
39
Calculate the remainder when 1805 is divid